
4
What is the thousands digit of 4052?
4
What is the units digit of 914?
4
What is the thousands digit of 14715?
4
What is the hundreds digit of 172097?
0
What is the hundreds digit of 6644?
6
What is the tens digit of 4770?
7
What is the thousands digit of 103823?
3
What is the units digit of 758?
8
What is the thousands digit of 68593?
8
What is the tens digit of 244?
4
What is the hundreds digit of 2069?
0
What is the hundreds digit of 85576?
5
What is the hundreds digit of 13570?
5
What is the units digit of 20477?
7
What is the tens digit of 43621?
2
What is the hundreds digit of 886?
8
What is the units digit of 274?
4
What is the units digit of 940?
0
What is the ten thousands digit of 21865?
2
What is the hundred thousands digit of 110755?
1
What is the tens digit of 2816?
1
What is the units digit of 34836?
6
What is the thousands digit of 1181?
1
What is the units digit of 2562?
2
What is the hundreds digit of 9532?
5
What is the hundreds digit of 853?
8
What is the units digit of 30793?
3
What is the thousands digit of 57284?
7
What is the tens digit of 2788?
8
What is the units digit of 841?
1
What is the hundreds digit of 5436?
4
What is the hundreds digit of 3000?
0
What is the hundreds digit of 1237?
2
What is the units digit of 73665?
5
What is the tens digit of 4155?
5
What is the units digit of 369?
9
What is the hundred thousands digit of 103080?
1
What is the tens digit of 6900?
0
What is the thousands digit of 2579?
2
What is the thousands digit of 1359?
1
What is the hundreds digit of 9932?
9
What is the hundreds digit of 3607?
6
What is the tens digit of 2979?
7
What is the thousands digit of 15217?
5
What is the thousands digit of 1134?
1
What is the thousands digit of 39829?
9
What is the tens digit of 10992?
9
What is the hundreds digit of 21637?
6
What is the tens digit of 4706?
0
What is the thousands digit of 4028?
4
What is the hundreds digit of 7899?
8
What is the tens digit of 30168?
6
What is the tens digit of 1124?
2
What is the thousands digit of 2302?
2
What is the hundreds digit of 1964?
9
What is the units digit of 14622?
2
What is the thousands digit of 1508?
1
What is the hundreds digit of 851?
8
What is the ten thousands digit of 10767?
1
What is the hundreds digit of 521?
5
What is the hundreds digit of 1438?
4
What is the units digit of 6222?
2
What is the thousands digit of 8396?
8
What is the hundreds digit of 852?
8
What is the thousands digit of 6328?
6
What is the tens digit of 46359?
5
What is the ten thousands digit of 76777?
7
What is the units digit of 54595?
5
What is the thousands digit of 25471?
5
What is the units digit of 2062?
2
What is the units digit of 2455?
5
What is the units digit of 991?
1
What is the tens digit of 788?
8
What is the tens digit of 2635?
3
What is the hundreds digit of 9731?
7
What is the hundreds digit of 168?
1
What is the units digit of 8451?
1
What is the hundreds digit of 143?
1
What is the thousands digit of 66570?
6
What is the ten thousands digit of 17324?
1
What is the hundreds digit of 405?
4
What is the tens digit of 104780?
8
What is the tens digit of 4184?
8
What is the hundreds digit of 1821?
8
What is the ten thousands digit of 18828?
1
What is the ten thousands digit of 27733?
2
What is the hundreds digit of 32917?
9
What is the tens digit of 9126?
2
What is the tens digit of 2572?
7
What is the hundreds digit of 315?
3
What is the tens digit of 7150?
5
What is the ten thousands digit of 63431?
6
What is the units digit of 1891?
1
What is the hundreds digit of 3667?
6
What is the ten thousands digit of 54088?
5
What is the hundreds digit of 753?
7
What is the units digit of 129?
9
What is the hundreds digit of 18776?
7
What is the tens digit of 52618?
1
What is the hundreds digit of 423?
4
What is the thousands digit of 17566?
7
What is the hundreds digit of 57037?
0
What is the units digit of 11018?
8
What is the tens digit of 606?
0
What is the hundreds digit of 16364?
3
What is the units digit of 2711?
1
What is the units digit of 568?
8
What is the tens digit of 23488?
8
What is the hundreds digit of 1494?
4
What is the units digit of 22633?
3
What is the units digit of 21150?
0
What is the units digit of 7202?
2
What is the tens digit of 70194?
9
What is the tens digit of 551?
5
What is the tens digit of 823?
2
What is the units digit of 697?
7
What is the ten thousands digit of 60247?
6
What is the hundreds digit of 5389?
3
What is the ten thousands digit of 102686?
0
What is the units digit of 12270?
0
What is the hundreds digit of 45854?
8
What is the tens digit of 36192?
9
What is the units digit of 4097?
7
What is the hundreds digit of 762?
7
What is the hundreds digit of 389?
3
What is the hundreds digit of 100143?
1
What is the thousands digit of 19798?
9
What is the hundreds digit of 2853?
8
What is the units digit of 31716?
6
What is the thousands digit of 2187?
2
What is the ten thousands digit of 17485?
1
What is the hundreds digit of 12757?
7
What is the thousands digit of 2486?
2
What is the units digit of 30125?
5
What is the tens digit of 2127?
2
What is the thousands digit of 2349?
2
What is the units digit of 37849?
9
What is the ten thousands digit of 23602?
2
What is the units digit of 974?
4
What is the units digit of 2778?
8
What is the tens digit of 522?
2
What is the hundreds digit of 1542?
5
What is the tens digit of 3154?
5
What is the hundreds digit of 3108?
1
What is the thousands digit of 17182?
7
What is the hundreds digit of 2628?
6
What is the hundreds digit of 1554?
5
What is the units digit of 904?
4
What is the thousands digit of 2388?
2
What is the hundreds digit of 881?
8
What is the tens digit of 5875?
7
What is the thousands digit of 3486?
3
What is the units digit of 43000?
0
What is the tens digit of 539?
3
What is the units digit of 1841?
1
What is the units digit of 58?
8
What is the hundreds digit of 112799?
7
What is the tens digit of 1003?
0
What is the units digit of 7998?
8
What is the tens digit of 8749?
4
What is the thousands digit of 2922?
2
What is the hundreds digit of 377?
3
What is the hundreds digit of 10336?
3
What is the ten thousands digit of 38572?
3
What is the thousands digit of 17848?
7
What is the hundreds digit of 4364?
3
What is the thousands digit of 1852?
1
What is the units digit of 1232?
2
What is the units digit of 3487?
7
What is the tens digit of 1253?
5
What is the hundreds digit of 1071?
0
What is the units digit of 3478?
8
What is the tens digit of 2152?
5
What is the thousands digit of 1178?
1
What is the units digit of 3042?
2
What is the units digit of 138?
8
What is the hundreds digit of 140191?
1
What is the ten thousands digit of 17515?
1
What is the thousands digit of 11468?
1
What is the units digit of 7476?
6
What is the units digit of 173749?
9
What is the ten thousands digit of 10427?
1
What is the hundreds digit of 4130?
1
What is the thousands digit of 42550?
2
What is the hundreds digit of 15734?
7
What is the hundreds digit of 39679?
6
What is the tens digit of 435?
3
What is the hundreds digit of 5851?
8
What is the thousands digit of 3275?
3
What is the tens digit of 156?
5
What is the tens digit of 84?
8
What is the tens digit of 4491?
9
What is the thousands digit of 10503?
0
What is the tens digit of 87166?
6
What is the tens digit of 3257?
5
What is the ten thousands digit of 70333?
7
What is the thousands digit of 2590?
2
What is the hundreds digit of 3338?
3
What is the thousands digit of 6316?
6
What is the hundred thousands digit of 170963?
1
What is the thousands digit of 10941?
0
What is the thousands digit of 18835?
8
What is the ten thousands digit of 84277?
8
What is the units digit of 8164?
4
What is the tens digit of 443?
4
What is the tens digit of 129?
2
What is the hundreds digit of 428?
4
What is the tens digit of 6192?
9
What is the hundreds digit of 2790?
7
What is the tens digit of 53956?
5
What is the ten thousands digit of 13951?
1
What is the hundreds digit of 1562?
5
What is the units digit of 1006?
6
What is the units digit of 1871?
1
What is the thousands digit of 11439?
1
What is the tens digit of 1680?
8
What is the tens digit of 74?
7
What is the ten thousands digit of 129087?
2
What is the hundreds digit of 5403?
4